ite number?
False
Is 2206752857 a composite number?
True
Is 5080506379 prime?
False
Is 198085677 prime?
False
Is 7994271911 prime?
False
Is 2099055209 composite?
False
Is 1655004809 a prime number?
True
Is 400465609 a prime number?
True
Is 19928442931 composite?
True
Is 2151202783 a composite number?
False
Is 212504019569 a composite number?
False
Is 1259600231 a composite number?
True
Is 163754464723 composite?
False
Is 267217891 a prime number?
False
Is 17379266155 prime?
False
Is 66533400299 a composite number?
False
Is 31171975843 a prime number?
True
Is 201470219 composite?
False
Is 5460925853 a prime number?
True
Is 1699192546 a prime number?
False
Is 20587379819 a prime number?
False
Is 7592097217 a prime number?
False
Is 1239751213 prime?
False
Is 165112201 a prime number?
False
Is 20161668671 composite?
False
Is 185932469 composite?
True
Is 24455640907 prime?
False
Is 81357150137 a composite number?
True
Is 1833424531 a prime number?
False
Is 2589871679 prime?
True
Is 497104493 a prime number?
True
Is 1104879973 composite?
False
Is 130255209961 composite?
False
Is 79349249179 a composite number?
False
Is 15658255141 a composite number?
False
Is 4621943087 a composite number?
False
Is 11643180869 a composite number?
False
Is 108889973 composite?
True
Is 1080621833 a prime number?
True
Is 167554393 composite?
False
Is 636863501 composite?
False
Is 73314431 a prime number?
True
Is 56047398079 a prime number?
False
Is 1462566907 prime?
True
Is 171676145 prime?
False
Is 1601097379 prime?
False
Is 656063313 prime?
False
Is 3517482107 prime?
True
Is 321850306049 composite?
False
Is 1258023829 prime?
True
Is 7780242073 composite?
True
Is 1309615919 a composite number?
True
Is 1088894717 a composite number?
False
Is 2951869223 composite?
True
Is 203475401 a composite number?
True
Is 4109357 prime?
False
Is 18359874391 prime?
True
Is 18388336741 a prime number?
False
Is 1199695487 a prime number?
False
Is 3195499057 prime?
False
Is 19583647 composite?
False
Is 42364868873 a composite number?
True
Is 5432606821 prime?
True
Is 614801339 prime?
False
Is 24277176251 a prime number?
False
Is 4712059511 composite?
False
Is 2711035493 composite?
False
Is 877500359 a prime number?
False
Is 4132836067 a prime number?
False
Is 1968482629 prime?
True
Is 136178207489 composite?
False
Is 402125620307 a composite number?
False
Is 20332655881 a prime number?
False
Is 1621538791 a composite number?
False
Is 12503848229 a composite number?
True
Is 374633713 prime?
True
Is 6453851969 composite?
False
Is 103057837981 prime?
False
Is 95145763 a prime number?
True
Is 29315200199 composite?
True
Is 5608743145 a prime number?
False
Is 351770284211 composite?
False
Is 119486910397 a composite number?
False
Is 101912078 a composite number?
True
Is 22423294129 composite?
False
Is 42403081607 a prime number?
True
Is 4052541401 composite?
True
Is 1143180529 composite?
True
Is 4516839547 a prime number?
False
Is 142493797951 prime?
False
Is 2045802469 prime?
False
Is 24138785149 a composite number?
False
Is 30266460737 a prime number?
False
Is 826288531 prime?
False
Is 4245191323 a prime number?
False
Is 204010818071 a composite number?
False
Is 702875695 a composite number?
True
Is 643685879 a prime number?
True
Is 2572543999 a prime number?
True
Is 4980150517 a prime number?
True
Is 210075919 a prime number?
False
Is 606159737 prime?
True
Is 30778571501 a prime number?
True
Is 185147189 a composite number?
False
Is 5301510803 composite?
False
Is 12641267 composite?
True
Is 53063060359 composite?
True
Is 13497263083 composite?
False
Is 42706736951 prime?
True
Is 576998021 composite?
False
Is 438078721 a composite number?
True
Is 31057808251 a prime number?
False
Is 3887863307 prime?
False
Is 38944907653 prime?
True
Is 5839265639 a composite number?
False
Is 43497723 composite?
True
Is 93569759 prime?
True
Is 706800371 composite?
False
Is 242665331 a prime number?
True
Is 41546424659 prime?
False
Is 31987028111 a composite number?
True
Is 302472617 a composite number?
False
Is 232803529627 composite?
True
Is 6671435419 a prime number?
False
Is 717422701 a prime number?
False
Is 76111629119 composite?
False
Is 14442444983 a composite number?
False
Is 120756151 prime?
False
Is 36398645 a prime number?
False
Is 37551777113 composite?
True
Is 245967649 a prime number?
True
Is 346585153 a composite number?
True
Is 36934477667 a prime number?
False
Is 896028233 prime?
True
Is 921019811 a composite number?
False
Is 2110311277 a composite number?
True
Is 74175277685 prime?
False
Is 299195899 a prime number?
True
Is 10745344489 a prime number?
False
Is 261171844129 composite?
True
Is 84752383847 composite?
False
Is 6829632319 prime?
False
Is 213154657 a prime number?
True
Is 690479117 a composite number?
True
Is 3185914561 composite?
False
Is 676725823 prime?
False
Is 3986312279 a composite number?
True
Is 14452203191 a composite number?
False
Is 3565656661 a prime number?
False
Is 205752786097 a composite number?
True
Is 2680256437 a prime number?
True
Is 123718963143 a composite number?
True
Is 175334078039 a prime number?
False
Is 48133400773 composite?
False
Is 221541989 a prime number?
True
Is 742487197 a prime number?
False
Is 9539895529 prime?
True
Is 65125745534 a prime number?
False
Is 79172371723 a composite number?
False
Is 1274463314 a prime number?
False
Is 201769097 a composite number?
True
Is 4880319677 composite?
True
Is 18310572667 composite?
True
Is 9125572129 a prime number?
False
Is 162878769739 a prime number?
False
Is 4317370727 prime?
False
Is 47301063917 prime?
False
Is 10588860259 a prime number?
True
Is 3586631 a composite number?
False
Is 343171606 a prime number?
False
Is 263199467669 prime?
True
Is 1308819797 a composite number?
False
Is 500238611 composite?
True
Is 2741621411 a prime number?
True
Is 6491872897 prime?
False
Is 4640923921 a composite number?
True
Is 220999751277 prime?
False
Is 283382135 composite?
True
Is 7341428013 prime?
False
Is 2935569589 prime?
True
Is 10770864473 prime?
False
Is 1155203531 a prime number?
False
Is 59151077071 composite?
True
Is 173286937 prime?
False
Is 5602914787 a composite number?
False
Is 4500119849 a prime number?
False
Is 467516807 prime?
True
Is 114130917853 prime?
True
Is 26371057079 prime?
True
Is 2439902041 a composite number?
False
Is 2013781079 prime?
False
Is 99146837 a composite number?
True
Is 48746830309 composite?
False
Is 1927552997 a composite number?
True
Is 16337471521 composite?
True
Is 30669294637 a prime number?
False
Is 136540043 prime?
False
Is 5484683363 prime?
False
Is 27188648213 composite?
True
Is 285300497 a prime number?
True
Is 12637155041 a composite number?
True
Is 324887333 a prime number?
True
Is 5456771773 prime?
True
Is 8224525297 a composite number?
False
Is 777554795 a composite number?
True
Is 196788380417 composite?
False
Is 94225048289 prime?
True
Is 18002574743 prime?
False
Is 2627755071 prime?
False
Is 16057037743 composite?
False
Is 91351358909 a composite number?
False
Is 6295497311 prime?
True
Is 12004258067 a composite number?
False
Is 568222427 a composite number?
False
Is 4279787983 a prime number?
True
Is 1727763967 a prime number?
False
Is 22187961217 a composite number?
False
Is 331423889 a prime number?
True
Is 146849159 a composite number?
False
Is 73550364259 prime?
False
Is 3630353633 composite?
False
Is 1995482561 a prime number?
False
Is 1107089367 composite?
True
Is 12461123 a composite number?
False
Is 86559457 a prime number?
False
Is 197713730758 a composite number?
True
Is 30203199977 prime?
True
Is 84060065009 composite?
False
Is 61567236971 composite?
True
Is 11530770959 a composite number?
True
Is 20521970713 prime?
True
Is 22524148921 a prime number?
False
Is 1204054429 composite?
False
Is 1676314303 a composite number?
False
Is 64822231 composite?
True
Is 3625299179 prime?
True
Is 678678739 composite?
False
Is 3123326099 prime?
True
Is 37123364449 prime?
True
Is 62297961955 composite?
True
Is 1629692291 a prime number?
True
Is 24348734503 a prime number?
False
Is 510937573 composite?
True
Is 2189388463 a prime number?
False
Is 8896124549 a prime number?
False
Is 7250211967 composite?
True
Is 16445279849 a prime number?
True
Is 14131839058 